1768?
0
Calculate the remainder when 4970 is divided by 809.
116
Calculate the remainder when 4679871 is divided by 106360.
31
What is the remainder when 9541727 is divided by 1593?
1250
Calculate the remainder when 2883545 is divided by 297.
269
Calculate the remainder when 9642202 is divided by 507483.
25
What is the remainder when 2041930 is divided by 46?
36
Calculate the remainder when 835876 is divided by 3635.
3461
Calculate the remainder when 82747 is divided by 20649.
151
Calculate the remainder when 13852736 is divided by 1429.
10
What is the remainder when 2063749 is divided by 68?
17
What is the remainder when 16663577 is divided by 111?
35
Calculate the remainder when 948669 is divided by 1111.
986
Calculate the remainder when 160598123 is divided by 6021.
6011
Calculate the remainder when 7042245 is divided by 370644.
9
What is the remainder when 53959 is divided by 1442?
605
Calculate the remainder when 1026615 is divided by 2312.
87
What is the remainder when 208278 is divided by 1477?
21
Calculate the remainder when 310235 is divided by 115.
80
Calculate the remainder when 177086 is divided by 2412.
1010
Calculate the remainder when 1389933764 is divided by 11.
10
What is the remainder when 62796 is divided by 1560?
396
Calculate the remainder when 1893916 is divided by 434.
374
Calculate the remainder when 25621564 is divided by 59.
47
Calculate the remainder when 878124 is divided by 455.
429
Calculate the remainder when 7120253 is divided by 447.
437
Calculate the remainder when 9863632 is divided by 2465889.
76
Calculate the remainder when 5287142 is divided by 54506.
60
Calculate the remainder when 43464 is divided by 3189.
2007
Calculate the remainder when 8015823 is divided by 243.
225
Calculate the remainder when 65918344 is divided by 65918327.
17
Calculate the remainder when 45456 is divided by 402.
30
Calculate the remainder when 4459658 is divided by 191.
190
What is the remainder when 1021938928 is divided by 405?
403
Calculate the remainder when 437373 is divided by 384.
381
Calculate the remainder when 199762 is divided by 61.
48
What is the remainder when 10859 is divided by 10004?
855
Calculate the remainder when 394200162 is divided by 3621.
3618
Calculate the remainder when 1222100 is divided by 7540.
620
What is the remainder when 1188404 is divided by 148550?
4
Calculate the remainder when 178226 is divided by 426.
158
What is the remainder when 34972132 is divided by 5198?
5186
What is the remainder when 5734788 is divided by 531?
519
Calculate the remainder when 856027 is divided by 426289.
3449
What is the remainder when 82924 is divided by 1036?
44
Calculate the remainder when 46299113 is divided by 294.
287
What is the remainder when 20481712 is divided by 8051?
8019
Calculate the remainder when 125588 is divided by 20876.
332
Calculate the remainder when 312741 is divided by 14889.
72
What is the remainder when 100207 is divided by 100035?
172
What is the remainder when 800444 is divided by 2533?
16
What is the remainder when 7131 is divided by 6204?
927
What is the remainder when 69446 is divided by 1915?
506
What is the remainder when 15075599 is divided by 13?
6
Calculate the remainder when 23899 is divided by 20461.
3438
What is the remainder when 163939 is divided by 125?
64
What is the remainder when 9516968 is divided by 3172318?
14
What is the remainder when 46517449 is divided by 63?
13
What is the remainder when 3848383 is divided by 173?
171
What is the remainder when 7248897 is divided by 767?
747
Calculate the remainder when 3095412 is divided by 89.
81
What is the remainder when 75784 is divided by 2165?
9
Calculate the remainder when 878042 is divided by 16.
10
What is the remainder when 316585 is divided by 67?
10
What is the remainder when 88806 is divided by 4440?
6
What is the remainder when 423973 is divided by 15679?
640
What is the remainder when 241700526 is divided by 44?
34
What is the remainder when 403711321 is divided by 2218194?
13
Calculate the remainder when 4378169 is divided by 1192.
1145
What is the remainder when 5659889 is divided by 134?
131
Calculate the remainder when 31503411 is divided by 842.
823
Calculate the remainder when 7686152 is divided by 580.
572
What is the remainder when 391495 is divided by 833?
818
Calculate the remainder when 314349 is divided by 9281.
8076
What is the remainder when 398349764 is divided by 115?
114
Calculate the remainder when 237922 is divided by 818.
702
Calculate the remainder when 78286289 is divided by 28.
25
Calculate the remainder when 36126466 is divided by 126.
124
Calculate the remainder when 1136521 is divided by 102.
37
What is the remainder when 11477703 is divided by 1565?
1558
Calculate the remainder when 51591 is divided by 50133.
1458
Calculate the remainder when 103955 is divided by 516.
239
Calculate the remainder when 596357 is divided by 70.
27
Calculate the remainder when 398550 is divided by 132477.
1119
What is the remainder when 45820 is divided by 15134?
418
Calculate the remainder when 1142931 is divided by 489.
138
Calculate the remainder when 2486042 is divided by 50734.
76
Calculate the remainder when 47507 is divided by 4132.
2055
Calculate the remainder when 1089992 is divided by 10070.
2432
What is the remainder when 1157492 is divided by 762?
14
Calculate the remainder when 5861595 is divided by 667.
666
Calculate the remainder when 479962095 is divided by 2020.
2015
Calculate the remainder when 967252 is divided by 6581.
6426
Calculate the remainder when 468926 is divided by 779.
747
Calculate the remainder when 3483951 is divided by 145144.
495
Calculate the remainder when 192788 is divided by 64261.
5
What is the remainder when 3643676 is divided by 3643658?
18
Calculate the remainder when 7762821 is divided by 1940705.
1
What is the remainder when 134376 is divided by 16718?
632
Calculate the remainder when 7923840 is divided by 62.
54
Calculate the remainder when 12234634 is divided by 53897.
15
Calculate the remainder when 4161045 is divided by 518.
469
What is the remainder when 17723 is divided by 2559?
2369
What is the remainder when 5057342 is divided by 7605?
17
Calculate the remainder when 427863 is divided by 2775.
513
Calculate the remainder when 148087 is divided by 1325.
1012
What is the remainder when 17523109 is divided by 1205?
1204
What is the remainder when 7699505 is divided by 33622?
67
Calculate the remainder when 36033 is divided by 3688.
2841
What is the remainder when 3446564 is divided by 861634?
28
Calculate the remainder when 596221 is divided by 297930.
361
What is the remainder when 585406 is divided by 41801?
192
Calculate the remainder when 1357591 is divided by 2576.
39
Calculate the remainder when 2012715 is divided by 21642.
9
Calculate the remainder when 634809 is divided by 157388.
5257
Calculate the remainder when 533213336 is divided by 2222.
2218
What is the remainder when 605941 is divided by 52?
37
Calculate the remainder when 795543 is divided by 1163.
51
Calculate the remainder when 558324341 is divided by 942.
941
Calculate the remainder when 151222 is divided by 151219.
3
What is the remainder when 45847536 is divided by 289?
287
What is the remainder when 185754 is divided by 92844?
66
Calculate the remainder when 256086 is divided by 2816.
2646
What is the remainder when 263484 is divided by 8?
4
Calculate the remainder when 25037165 is divided by 272143.
9
Calculate the remainder when 59872 is divided by 1070.
1022
Calculate the remainder when 16266358 is divided by 59.
58
What is the remainder when 3878398 is divided by 25?
23
What is the remainder when 352827628 is divided by 70565523?
13
What is the remainder when 1270006 is divided by 13?
10
Calculate the remainder when 21016587 is divided by 396539.
20
Calculate the remainder when 1141911 is divided by 570933.
45
What is the remainder when 160915347 is divided by 635?
632
Calculate the remainder when 3920749 is divided by 3859.
5
What is the remainder when 233205277 is divided by 1012?
1009
What is the remainder when 130768 is divided by 581?
43
What is the remainder when 1963858 is divided by 130894?
448
Calculate the remainder when 13999850 is divided by 9.
8
What is the remainder w